the units digit of s?
5
Let k be ((-5)/10)/((-2)/(-44)). Let m(l) = l**3 + 12*l**2 + 11*l + 13. What is the units digit of m(k)?
3
Let f = 16 - -22. Suppose -5*i + f = -3*i. What is the units digit of i?
9
Let v(m) = -3*m**3 - 7*m**2 - 14*m - 2. What is the hundreds digit of v(-5)?
2
Suppose -f - 2*p + 125 = 0, p = -2*f + 4*f - 255. What is the units digit of f?
7
Let y(a) = -4*a - 6 + 1 + 1 - 2. What is the tens digit of y(-5)?
1
Suppose -4*h + 12 = -4*i, 4*i - 3*i - 15 = -5*h. Suppose -h*s + 5*s - 40 = 0. What is the units digit of s?
0
Let t = 133 - -97. What is the units digit of t?
0
Suppose 14 = 5*w + p, 0*w - 4*p + 22 = 3*w. Suppose w*a + 4*f - 19 = 9, -2*a + 5*f = -19. What is the units digit of (-18)/(-4)*a/9?
6
Suppose 17 + 21 = 2*o. What is the units digit of o?
9
Suppose -v = -1 - 1. What is the tens digit of 100/(-6)*(-3)/v?
2
Let x = 169 - 102. Suppose a + a - x = -5*g, 5*g - 63 = 2*a. What is the tens digit of g?
1
Let o be 15/2 - 4/8. Suppose -f - o = -2*f. What is the units digit of f?
7
Let w = -5 - -13. Suppose w = p - s, 5*p + s - 28 = 18. What is the units digit of p?
9
What is the units digit of 3 + ((-120)/(-3))/4?
3
Suppose 5*s - 3*c - 80 = 0, 0*c - 10 = -2*c. Let w = -15 + s. What is the units digit of w?
4
Let i be -5*(3 + -2) + -3. Suppose 4*x - 3*x = -20. Let j = i - x. What is the units digit of j?
2
Let o be (-42)/(-3)*1/2. Suppose 0 = -k - 2*l + o, -10 = l - 3*l. What is the units digit of (1/2)/(k/(-24))?
4
Let t(g) = 16*g**2 - 4*g + 1. What is the tens digit of t(2)?
5
Let k = -2 - -6. Suppose 0 = k*o + d - 157, -2*o - 4*d + 0*d + 82 = 0. Suppose -v = 2*v - o. What is the units digit of v?
3
Suppose -7 = v - 4*x, -2*v + 1 = 2*x + 35. What is the units digit of (-2)/5 - 336/v?
2
Let z = 10 - -5. Let g = z + -7. Let y = 11 - g. What is the units digit of y?
3
Suppose -3*q = -3*a - 6, -2*q - 3*a + 9 = -4*a. Let f = q + -3. What is the units digit of f?
4
Let v be (-1*1)/((-9)/81). Let i = 16 - v. What is the units digit of i?
7
Suppose -i + 12 = -3*h, -i - 2*h + 0*h + 2 = 0. What is the units digit of (i/(-5))/((-2)/65)?
9
Let d be (-5)/(-2)*36/10. What is the units digit of (-1 - 2)*(-3)/d?
1
Suppose 31 = 2*s - a, -40 = -2*s + 2*a - 14. What is the tens digit of s?
1
What is the tens digit of 482/14 + (-9)/21?
3
Let w be (-3 - (-2 + 0)) + 5. Suppose 16 = w*d - 0*d. What is the units digit of d?
4
Suppose 0 = 2*u - 3*u. Suppose -f - 3*f + 28 = u. What is the units digit of f?
7
Let m = -1 - -4. Let s = m + 6. What is the units digit of s?
9
Let t be (1/(-3))/(2/6). Let i = t + 6. Let x = -3 + i. What is the units digit of x?
2
Suppose 0 = 2*g + 5*s - 219, 4*s = 4*g - 2*g - 246. What is the units digit of g?
7
Let b be (12 - 2) + (-2)/(-1). Suppose -2*y = -4*g - 8, 2*g + 2*y + y = -b. Let z = g + 5. What is the units digit of z?
2
Suppose 0*m = 2*m - 16. Suppose h + 2*l = 3*h - 16, 0 = 4*h + 4*l + m. Suppose -t = h*y - 23, 21 = t + 2*y - 0*y. What is the units digit of t?
7
Suppose -7 = -t + h, 0 = -3*t - 2*h - 3 - 1. Suppose 3*o - 5*y - 49 = 0, -o - t*o + 44 = -4*y. What is the units digit of o?
8
Suppose i - 32 + 16 = 0. What is the units digit of i?
6
What is the units digit of (-9)/(27/(-16))*3?
6
Let j(k) = -6*k**2 - k - 1. Let w be j(-1). Let f = 0 - w. What is the units digit of (0 - -6)*f/9?
4
Let a(o) = o**3 - 6*o**2 + 4*o + 6. Let g be a(5). What is the units digit of ((-20)/2)/(-2) + g?
6
Let o = -42 - -84. Let t be o/15 + 1/5. Suppose 0 = -3*h + 2*n + 27, t*h - 21 = 3*n + 6. What is the units digit of h?
9
Let d be -4*((-47)/2 + 0). Let k = 140 - d. Suppose -5*c + 22 = -3*c - 2*i, -k = -5*c + 2*i. What is the units digit of c?
8
Suppose 12*d - 14*d = -50. What is the tens digit of d?
2
Suppose 7*c = 2*c + 150. What is the tens digit of c?
3
Let s be (-2)/(-9) + (-1144)/(-117). What is the units digit of (56 - -1)/(15/s)?
8
Let u = 146 - 53. What is the tens digit of u?
9
Suppose -491 = -11*m - 51. What is the tens digit of m?
4
Suppose -24 = -5*d + 2*d. Suppose d = -3*q - 7, 130 = 5*g + 4*q. What is the tens digit of g?
3
Let m = 16 - 5. What is the units digit of m?
1
Suppose -4*o + 18 = -s - 14, 4*o + 2*s = 20. Let k(w) = -w**3 + 6*w**2 + 8*w + 1. Let i be k(o). What is the units digit of 24*-1*(-4)/i?
2
Suppose -3*k - 2*t + 8 + 5 = 0, -5*k + 11 = -2*t. Suppose -k = -3*p - 12, -3*f + 2*p + 15 = 0. What is the units digit of ((-9)/f - -6) + -2?
1
What is the tens digit of (-213)/(-42)*4 + (-2)/7?
2
Let f = -3 - -6. Let h be f/(-1)*(-4)/3. Suppose x + h = 2*x. What is the units digit of x?
4
Let p(k) = 2*k**3 - 6*k**2 + 0 + 4 - 3*k**3 + 3*k**2. What is the units digit of p(-3)?
4
Suppose 3*t - 2*m - 25 = 0, -2*t = -m - 22 + 6. Let g(q) = -q + 22. Let y be g(22). Let p = y + t. What is the units digit of p?
7
Suppose l = 5*l - 216. What is the tens digit of l?
5
Suppose -4*k + 5*z - 68 = 9*z, -61 = 3*k + 5*z. Let o be 38/8 - 3/k. Suppose -x - 3*x + o*v + 20 = 0, -4*x + 3*v = -28. What is the units digit of x?
0
Suppose -4*d - l = 5, -2*l = -6*d + 3*d + 10. Let y = d + 2. What is the units digit of 43/5 - y/(-5)?
9
Suppose 35 - 3 = j. Suppose 3*d + 19 = -j. What is the units digit of d/(-4) + 1/(-4)?
4
Let d be 0 + 0 - (-2 - -1). Suppose d = -z + 6. What is the units digit of (2/(-6))/(z/(-120))?
8
Suppose v - 2*d - 74 = -3*v, -4*v - d = -89. Suppose -9 = -2*m + v. What is the tens digit of m?
1
Let j(b) = 4*b + 3. Let u be j(4). Let g(n) = -14 - 4*n**2 + n**3 + u + 10*n**2 + 5*n. What is the units digit of g(-5)?
5
What is the units digit of 65*1 - 4/1?
1
Let h be 4 + 0 + (2 - 2). Suppose -5*f + h = -6. What is the units digit of f?
2
What is the units digit of 2/(-13) - (-5)/((-390)/(-17406))?
3
Let y(u) = -2*u**3 - u + 2. What is the tens digit of y(-2)?
2
Suppose y - 375 = -14*y. What is the units digit of y?
5
Suppose -7*n + 16 = -5*n - y, 0 = 3*n - y - 25. What is the units digit of n?
9
Let i(v) = 5*v**2 - 2*v - 16. What is the units digit of i(4)?
6
Suppose 8*o - 30 = 3*o + 5*v, 3*o - 2*v = 16. Suppose 3*y - 5*n = 11, 3 + 7 = 3*y - o*n. What is the units digit of y?
2
Suppose 0 = 2*u - 55 - 21. What is the tens digit of u?
3
Let x(d) = -d**2 + 4*d + 1. Let s be x(3). Suppose 2*z = -8, -4*z - 3 - 5 = -s*b. Let t = b + 11. What is the units digit of t?
9
Let c(v) = 2*v**3 + v**2 + 2. Let p be c(2). Let d be 15/(-2)*(-8)/(-5). Let a = p + d. What is the units digit of a?
0
Let j be ((-1)/2)/((-3)/(-36)). Let q = j + 20. Suppose -n - 1 = -4*d - 6, 0 = -n - 5*d + q. What is the units digit of n?
9
Let g = -15 - -8. Let t = g + 12. Let i = 6 - t. What is the units digit of i?
1
Let k = 5 + -5. Suppose k = -3*w + 2*w + 14. What is the tens digit of w?
1
Let g(h) = h**2 + 2*h + 4. Let n be g(-5). Let x be -14 - 3/((-6)/4). Let k = n + x. What is the units digit of k?
7
Let k(p) = -3 + 2 - 5*p - 2*p + 11*p**2 - p**3 - 8. What is the tens digit of k(10)?
2
Let i = 14 - 11. Let n(h) = -4*h**2 + 5*h + h**3 - 2*h + 2*h - h + 1. What is the units digit of n(i)?
4
Let j = -109 + 186. What is the tens digit of j?
7
Suppose 4*d + 265 = 3*s, -4*s = 3*d - 0*d - 370. What is the units digit of s?
1
Suppose o - 11 = -0*o. Let v = o - 5. Suppose 0 = 2*d + 4 - v. What is the units digit of d?
1
Let a(u) = 3*u**3 + u**2. Let i be a(2). Suppose -4*t + 3*b + 4 = -i, 5*t - 21 = -b. What is the units digit of t?
5
Suppose -2*n = -3*n - 2. Let h be (5 + n)/(6/8). What is the units digit of 4 - (-3)/(6/h)?
6
Let y be 5*1 - (-8 - -9). Let o be (32/(-6))/((-8)/84). Suppose -4*z + 3*i + o = 0, -y*z - 40 = -5*i - 96. What is the units digit of z?
4
Suppose 0 = -2*w + 3*y + 25, 4*y = -w - 0*y - 15. Suppose w*r + b - 12 = 4*r, 4*b = 2*r - 36. What is the tens digit of r?
1
Let x(t) = -t**2 + 6*t + 3. Let k be (-4 - -3)/((-1)/5). What is the units digit of x(k)?
8
Let r(c) = c**3 - c**2 - c + 3. Let l be r(-3). What is the units digit of (-1335)/l + 1/(-2)?
4
Suppose 2*v + 3 = 99. Suppose 3*z - v = -4*j, j = 2*z - 4*z + 7. What is the units digit of j?
5
Let s be (5 - 5) + 15/3. Suppose 5*z + y - 6*y = 85, -z = s*y - 5. What is the tens digit of z?
1
What is the tens digit of (-240)/(-7) - 10/35?
3
Let u be 5 + (1 - 0)*-1. Suppose b - 32 = d - u*b, -3*b - 13 = 4*d. Let k = -3 - d. What is the units digit of k?
4
Let t(c) = -c**3